True
Is 219041 prime?
True
Is 24659 a composite number?
False
Is 474233 prime?
False
Is 410009 a prime number?
True
Is 943 composite?
True
Is 22179 a prime number?
False
Is 122831 composite?
True
Is 386641 composite?
False
Is 28901 composite?
False
Is 37717 a prime number?
True
Is 111803 a composite number?
True
Is 297457 a prime number?
True
Is 17539 prime?
True
Is 44017 prime?
True
Is 142397 a prime number?
False
Is 2609 a composite number?
False
Is 38769 a composite number?
True
Is 91739 a composite number?
True
Is 66389 composite?
True
Is 46807 a prime number?
True
Is 233549 prime?
True
Is 466747 composite?
False
Is 4559 a composite number?
True
Is 6245 a prime number?
False
Is 199889 prime?
True
Is 1251199 prime?
False
Is 298579 prime?
True
Is 217823 a prime number?
True
Is 85159 a prime number?
True
Is 6029 a composite number?
False
Is 91771 a prime number?
True
Is 1185139 composite?
True
Is 12469 a composite number?
True
Is 120737 a prime number?
True
Is 41387 a composite number?
False
Is 7817 composite?
False
Is 5581 prime?
True
Is 214459 prime?
False
Is 14509 prime?
False
Is 16411 composite?
False
Is 82699 composite?
False
Is 2306599 prime?
False
Is 8663 prime?
True
Is 49103 composite?
False
Is 57895 a composite number?
True
Is 54871 composite?
True
Is 26407 prime?
True
Is 7971 a composite number?
True
Is 1003 prime?
False
Is 79457 a prime number?
False
Is 3949 a composite number?
True
Is 146513 prime?
True
Is 55439 a prime number?
True
Is 440329 prime?
True
Is 21467 composite?
False
Is 77829 a composite number?
True
Is 142271 prime?
True
Is 72951 a prime number?
False
Is 499 a composite number?
False
Is 825379 composite?
True
Is 17846 a prime number?
False
Is 1043 composite?
True
Is 75431 a prime number?
True
Is 31957 composite?
False
Is 24799 a prime number?
True
Is 980579 composite?
False
Is 6389 prime?
True
Is 113581 composite?
True
Is 77459 a composite number?
True
Is 112069 a prime number?
True
Is 58129 prime?
True
Is 1135709 a composite number?
True
Is 254131 a prime number?
False
Is 661663 prime?
True
Is 8663 a prime number?
True
Is 1473 composite?
True
Is 32479 a composite number?
False
Is 131 a prime number?
True
Is 2571719 composite?
True
Is 93077 prime?
True
Is 33703 composite?
False
Is 26293 a composite number?
False
Is 611593 a prime number?
False
Is 1969 a composite number?
True
Is 17903 composite?
False
Is 18113 composite?
True
Is 13441 composite?
False
Is 28781 a composite number?
True
Is 6211 prime?
True
Is 523018 a composite number?
True
Is 21785 composite?
True
Is 75749 a composite number?
True
Is 127123 prime?
True
Is 25313 a composite number?
True
Is 3901303 a prime number?
False
Is 230951 composite?
True
Is 221833 a composite number?
True
Is 4673 a prime number?
True
Is 98519 a prime number?
True
Is 736577 a prime number?
True
Is 1690097 a prime number?
True
Is 113233 composite?
False
Is 6529 a composite number?
False
Is 28099 a prime number?
True
Is 2993 composite?
True
Is 14369 a prime number?
True
Is 723 a prime number?
False
Is 37514 prime?
False
Is 127 prime?
True
Is 6841 a prime number?
True
Is 13087 prime?
False
Is 1694281 composite?
False
Is 54877 a prime number?
True
Is 1257 prime?
False
Is 952313 prime?
True
Is 107399 prime?
False
Is 15901 prime?
True
Is 214559 composite?
False
Is 88681 prime?
True
Is 853 a prime number?
True
Is 694 prime?
False
Is 2948969 a composite number?
False
Is 96973 a composite number?
False
Is 13043 composite?
False
Is 14017 prime?
False
Is 8279 a prime number?
False
Is 24733 composite?
False
Is 125591 composite?
False
Is 620267 prime?
False
Is 65587 a composite number?
False
Is 12709 a composite number?
True
Is 863 prime?
True
Is 2481 composite?
True
Is 20897 a composite number?
False
Is 9411 composite?
True
Is 11759 composite?
True
Is 1371217 composite?
False
Is 26861 a prime number?
True
Is 15259 a composite number?
False
Is 245383 a composite number?
False
Is 74111 composite?
True
Is 54181 composite?
False
Is 2033 composite?
True
Is 40109 a prime number?
False
Is 474839 a prime number?
True
Is 202471 a composite number?
False
Is 30298 a composite number?
True
Is 29059 composite?
False
Is 7941 composite?
True
Is 35377 composite?
True
Is 7369 prime?
True
Is 46727 a prime number?
True
Is 7343 a composite number?
True
Is 15901 a prime number?
True
Is 2227574 prime?
False
Is 7411 prime?
True
Is 10529 composite?
False
Is 398669 composite?
False
Is 83679 prime?
False
Is 54121 a prime number?
True
Is 74531 a composite number?
False
Is 5017 a prime number?
False
Is 85361 a prime number?
True
Is 9793 a prime number?
False
Is 57899 composite?
False
Is 14351 composite?
True
Is 19693 a composite number?
True
Is 70271 composite?
False
Is 12883 a prime number?
False
Is 215641 a composite number?
True
Is 1817 a prime number?
False
Is 1578559 a composite number?
True
Is 248177 a composite number?
False
Is 17257 a composite number?
False
Is 167309 prime?
True
Is 13361 composite?
True
Is 4385 a composite number?
True
Is 6805 composite?
True
Is 627901 a prime number?
True
Is 2939 a prime number?
True
Is 33121 composite?
True
Is 219971 a composite number?
False
Is 1379387 prime?
True
Is 16291 prime?
False
Is 1741 a prime number?
True
Is 710483 composite?
False
Is 1028389 composite?
False
Is 9403 a composite number?
False
Is 1025317 a composite number?
True
Is 11654 a prime number?
False
Is 18157 prime?
False
Is 8419 composite?
False
Is 599901 a prime number?
False
Is 137861 prime?
False
Is 3413671 composite?
False
Is 401 a composite number?
False
Is 22951 a composite number?
True
Is 4623143 a composite number?
True
Is 656263 prime?
True
Is 8899 a prime number?
False
Is 39499 a composite number?
False
Is 127183 a composite number?
True
Is 28009 composite?
True
Is 92054 prime?
False
Is 22771 a composite number?
True
Is 18613 prime?
False
Is 49087 a composite number?
True
Is 286073 a composite number?
False
Is 24031 a prime number?
False
Is 11153 a prime number?
False
Is 1959773 composite?
False
Is 886921 composite?
True
Is 21103 a composite number?
True
Is 45389 prime?
True
Is 58517 prime?
False
Is 7331 a prime number?
True
Is 2443 a prime number?
False
Is 162209 a prime number?
True
Is 535481 prime?
True
Is 213119 a prime number?
True
Is 13495 composite?
True
Is 867518 composite?
True
Is 547255 prime?
False
Is 993 a composite number?
True
Is 529301 a prime number?
True
Is 756589 a composite number?
True
Is 18527 composite?
True
Is 145301 a composite number?
True
Is 13919 composite?
True
Is 4751 a prime number?
True
Is 3407 a composite number?
False
Is 7633 a prime number?
False
Is 66457 prime?
True
Is 135319 prime?
True
Is 64873 a prime number?
False
Is 7621 a prime number?
True
Is 52343 prime?
False
Is 6761 composite?
False
Is 534549 a prime number?
False
Is 105637 prime?
False
Is 8269 a prime number?
True
Is 2671 prime?
True
Is 28081 composite?
False
Is 48917 prime?
False
Is 9989 composite?
True
Is 2953 a prime number?
True
Is 379105 composite?
True
Is 48133 a composite number?
True
Is 147638 a prime number?
False
Is 9983 prime?
False
Is 25342 a prime number?
False
Is 8791 prime?
False
Is 8663 a prime number?
True
Is 77867 composite?
False
Is 48767 prime?
True
Is 338707 composite?
False
Is 11269 composite?
True
Is 10133 a composite number?
False
Is 1367203 composite?
False
Is 4939 a composite number?
True
Is 3842687 a composite number?
False
Is 45943 a prime number?
True
Is 41069 a prime number?
False
Is 256129 a prime number?
True
Is 1693 a composite number?
False
Is 360803 a composite number?
False
Is 132163 a composite number?
True
Is 82583 composite?
True
Is 4727 composite?
True
Is 1014589 a prime number?
False
Is 111859 prime?
False
Is 96559 prime?
False
Is 145342 prime?
False
Is 73913 prime?
False
Is 366193 a prime number?
True
Is 6157 a prime number?
False
Is 156217 prime?
True
Is 39953 composite?
False
Is 31379 a prime number?
True
Is 128549 a prime number?
True
Is 42509 a prime number?
True
Is 167791 a composite number?
True
Is 1857667 a composite number?
True
Is 7177 a composite number?
False
Is 470443 composite?
False
Is 104147 prime?
True
Is 13883 a composite number?
False
Is 7829 composite?
False
Is 562831 composite?
False
Is 69458 composite?
True
Is 235397 a composite numbe